(base 2) to base 7
-15125601
Convert -2472015 (base 8) to base 14.
-13b937
What is -456035 (base 7) in base 11?
-56105
Convert -4ad4d (base 15) to base 10.
-239248
51ce27 (base 15) to base 8
16657763
Convert 255326 (base 10) to base 11.
164915
-10005040 (base 6) to base 8
-1044720
Convert 24056827 (base 9) to base 4.
230233222102
What is 276199 (base 10) in base 14?
72927
Convert -1e048 (base 16) to base 2.
-11110000001001000
-2b8136 (base 16) to base 9
-5325007
What is 2033353 (base 6) in base 5?
11113424
-25442130 (base 7) to base 10
-2312919
-346898 (base 11) to base 4
-2012131322
Convert 13220404 (base 5) to base 13.
48484
Convert -100000101000001010110000 (base 2) to base 9.
-17075624
Convert -2023102133 (base 4) to base 16.
-8b49f
21002 (base 8) to base 6
104150
12121002010 (base 3) to base 8
327070
What is -5227b (base 15) in base 12?
-106875
Convert -674b95 (base 14) to base 3.
-20121021121101
Convert -102112102012 (base 3) to base 5.
-24231041
-123231031 (base 4) to base 9
-182604
Convert 10241204 (base 5) to base 6.
1511010
Convert -71698 (base 10) to base 3.
-10122100111
204639 (base 14) to base 12
445663
What is 25205 (base 8) in base 9?
15834
What is 15316b (base 13) in base 8?
1771363
Convert 3030034442 (base 5) to base 15.
806467
Convert aa197 (base 11) to base 16.
270cb
Convert -20e3b (base 16) to base 11.
-92239
7961 (base 13) to base 2
100001001010011
Convert -b144c3 (base 15) to base 13.
-1989981
14343306 (base 7) to base 12
554416
-235010 (base 6) to base 4
-11000232
What is -12143322 (base 6) in base 10?
-386978
What is 18098 (base 14) in base 11?
41502
Convert -14531355 (base 6) to base 13.
-14acb9
What is -234929 (base 10) in base 9?
-387232
Convert 11110011001122 (base 3) to base 14.
457bcc
What is -255458 (base 12) in base 16?
-95144
-5175404 (base 8) to base 14
-27b12c
What is -33c23 (base 14) in base 15?
-2745d
What is 102215 (base 7) in base 12?
a22b
646354 (base 7) to base 12
5526a
Convert -153619 (base 14) to base 6.
-23502503
8797290 (base 10) to base 16
863c6a
What is -371b214 (base 12) in base 16?
-a3e070
Convert -10ba91 (base 13) to base 16.
-60fd4
What is 1665146 (base 7) in base 10?
234695
Convert -754240 (base 8) to base 9.
-423681
What is 1600655 (base 11) in base 8?
12344735
278499 (base 11) to base 12
190271
21651 (base 15) to base 7
621121
-729b6 (base 14) to base 6
-5531140
Convert 1012112 (base 3) to base 13.
527
Convert 255101553 (base 6) to base 10.
5000397
Convert -3354131 (base 7) to base 16.
-65c30
What is 11443b (base 13) in base 3?
202210112210
What is -1353371 (base 8) in base 9?
-642876
Convert -33130023131 (base 4) to base 14.
-7750cd
Convert -17001343 (base 8) to base 7.
-45300115
What is -23322223212 (base 4) in base 11?
-1844078
Convert -300233102 (base 6) to base 16.
-4d319e
3fae3 (base 16) to base 5
31321320
498a8 (base 14) to base 3
100011000111
Convert -255225550 (base 6) to base 16.
-4c78aa
201002110010222 (base 3) to base 9
21073128
240224401 (base 6) to base 4
101022023101
What is -509055 (base 11) in base 14?
-173bc2
15661457 (base 8) to base 2
1101110110001100101111
Convert -191786 (base 13) to base 9.
-1162635
-4657507 (base 8) to base 4
-10311331013
Convert -100184 (base 11) to base 7.
-1241105
247ef (base 16) to base 6
3112023
214420 (base 8) to base 12
35780
Convert -487691 (base 12) to base 7.
-12660400
Convert 5a4668 (base 15) to base 5.
2101134243
Convert -13191416 (base 10) to base 4.
-302110203320
-20021010133 (base 4) to base 9
-4012637
What is 1256d1 (base 14) in base 16?
99be7
-1522323 (base 7) to base 8
-624750
Convert -440200221 (base 5) to base 4.
-13023103133
285aa (base 11) to base 3
2001202202
What is 4b2ac (base 13) in base 9?
231463
Convert 1310147 (base 8) to base 5.
43132042
What is 7056150 (base 11) in base 14?
192cd26
Convert 11032102231 (base 4) to base 13.
38c31a
Convert 9d94a (base 14) to base 8.
1354416
Convert -44311333 (base 5) to base 9.
-646370
Convert 72376 (base 16) to base 12.
1a689a
Convert -e952 (base 15) to base 16.
-c0c8
What is -28343 (base 13) in base 11?
-515a9
Convert 1212204213 (base 5) to base 13.
78a629
What is -15103014 (base 6) in base 9?
-874511
Convert -322012110 (base 5) to base 15.
-1bd0a5
Convert -100202011002120 (base 3) to base 12.
-1899566
123293 (base 11) to base 2
101111100001101110
-8bb5 (base 15) to base 7
-152300
Convert -94250 (base 11) to base 3.
-20222110112
Convert -91c13 (base 13) to base 11.
-169347
a443140 (base 11) to base 6
1454505304
What is 162293 (base 10) in base 7?
1244105
Convert 18a0f (base 16) to base 10.
100879
Convert -11e24c (base 15) to base 13.
-240576
What is -490b2 (base 14) in base 4?
-223211110
Convert 1448aaa (base 14) to base 5.
10010433213
What is 101022431 (base 5) in base 6?
12424134
What is 30134 (base 6) in base 14?
161c
-73b389 (base 14) to base 8
-16726375
e5ed (base 15) to base 5
3023343
What is -11673c4 (base 14) in base 15?
-ae4819
22314034 (base 7) to base 2
111011000110011011011
3402032422 (base 5) to base 11
4232362
Convert 3c718b (base 13) to base 2.
101100111011100010010
-6dd7c (base 16) to base 7
-3552465
Convert 110432432 (base 5) to base 2.
1110110000010100100
Convert -114c877 (base 14) to base 13.
-19308b1
Convert -313403134 (base 5) to base 8.
-4776142
16ac7a (base 13) to base 4
2022113212
What is -210210313 (base 4) in base 5?
-14243230
What is -117c94 (base 13) in base 7?
-3355600
-11105511 (base 6) to base 7
-2565346
Convert -20400315 (base 6) to base 4.
-2100103313
Convert 80067 (base 11) to base 9.
187683
-b3a61 (base 13) to base 7
-2512216
What is 2132222201 (base 4) in base 2?
10011110101010100001
-1056351 (base 7) to base 6
-2454343
Convert 1022210200020 (base 3) to base 13.
1b89b2
What is 352114 (base 9) in base 14?
57116
Convert 88a90 (base 11) to base 16.
1f83d
Convert -233353323 (base 6) to base 13.
-b9cb71
What is -530292 (base 11) in base 2?
-11001111011001110001
-602917 (base 13) to base 7
-24662140
Convert -1129d (base 14) to base 8.
-121333
Convert -535532 (base 7) to base 11.
-64047
-4373613 (base 8) to base 3
-2012211012111
510044 (base 8) to base 11
105222
-2212020011 (base 3) to base 13
-1c819
-51894 (base 15) to base 9
-433454
Convert 100001111010110111101 (base 2) to base 11.
69a091
Convert -1652124 (base 7) to base 11.
-148817
Convert 33301344 (base 5) to base 15.
5b29e
What is 31210233211 (base 4) in base 13?
977860
What is 31012241 (base 5) in base 16?
3d442
Convert 20a9e1 (base 16) to base 8.
10124741
Convert 3071348 (base 9) to base 14.
30a1b4
Convert -54260064 (base 7) to base 10.
-4636377
What is 2255555 (base 6) in base 10?
116639
What is 15234022 (base 8) in base 14?
66b09c
-2160407 (base 8) to base 12
-2408b3
What is 224340 (base 14) in base 13?
319b22
10234332240 (base 5) to base 15
e465d0
What is -1204750 (base 10) in base 14?
-235098
What is 145959 (base 11) in base 8?
674137
What is -1342460 (base 7) in base 9?
-301882
3119fd (base 16) to base 11
18a873a
Convert 32322603 (base 7) to base 14.
51c873
Convert -667c0 (base 14) to base 3.
-110121212201
-306347 (base 9) to base 14
-4a383
Convert 3353662 (base 7) to base 16.
65be4
Convert 493698 (base 11) to base 2.
10111110100111111111
Convert 103928 (base 12) to base 15.
509ce
15056631 (base 7) to base 9
2613300
What is -415234 (base 9) in base 3?
-110112021011
What is 11111101111100100 (base 2) in base 3?
20121100120
What is -14a622 (base 11) in base 15?
-49385
326223 (base 8) to base 16
1ac93
122120130 (base 4) to base 14
2b548
What is -1212222102221 (base 3) in base 5?
-224102201
-27177 (base 11) to base 8
-113624
Convert -4698330 (base 10) to base 7.
-54635520
Convert 2072226 (base 8) to base 13.
1652b9
Convert 557301 (base 10) to base 7.
4510533
Convert -2336ab5 (base 12) to base 3.
-110210002201102
What is -20120110020 (base 3) in base 14?
-35203
What is -68e90 (base 15) in base 11?
-208a69
What is 44e317 (base 16) in base 10?
4514583
Convert 155127 (base 8) to base 6.
1110435
What is 1538003 (base 13) in base 12?
2333488
Convert 30ca9 (base 13) to base 10.
87850
What is 1c2671 (base 13) in base 11?
451654
Convert 6945 (base 14) to base 7.
104215
What is 181333 (base 9) in base 13?
3c2bb
Convert a490b (base 12) to base 2.
110100101000011011
113514204 (base 6) to base 7
24123631
Wh